9)) + 3?
-18
What is the value of (1 - -2) + (-8 - 9) - (-1 - -5)?
-18
Calculate 16 - (0 + 5) - -2.
13
What is the value of 0 + -5 + (19 - 30 - -18)?
2
(6 - 7) + -2 + (-3 - 0)
-6
What is the value of -661 - -658 - (0 + -1 + 0)?
-2
8 + 1 + (-2 + 13 - 9) - 5
6
-10 + (0 - (-5 + 5)) - (-9 - 31)
30
6 - (1 + 19 - ((-8 - 5) + 8))
-19
What is the value of (-4 - (0 + -1)) + -5 + (-1 - 2)?
-11
5 + -19 - (-6 + (15 - (9 - 3)))
-17
What is the value of -52 + 18 + 65 + -25?
6
What is the value of 1 + 32 + 1366 + -1384?
15
-8 - -1 - ((19 - (11 + 10)) + -26)
21
-6 + (-8 + (-7 - -19) + -6 - -31)
23
Calculate -4 + -9 + 36 + -25.
-2
Evaluate (-3 - 1) + (25 - ((-6 - -2) + 10)).
15
11 + -16 + -27 + 13 + 21
2
-14 - -4 - 0 - (-12 + 17)
-15
What is 7 + 3 - (11 - 2) - (12 + -11)?
0
What is the value of -52 + (36 - 29) + 27?
-18
Calculate 0 + 2 + 7 + -4 + 13 + 1.
19
-1 + -19 - ((-63 - -19) + -3)
27
Evaluate 8 + (0 - 1) + -5 + 10.
12
(4 - (-4 - -8)) + -33 + 16 + 16
-1
What is the value of 4 + -22 + (7 - (-4 - -3)) + -2?
-12
What is the value of 20 + -20 - (14 + -3)?
-11
What is 7 - (145 + -125 + (-2 - 7))?
-4
Calculate (58 + -30 - 49) + 0 + 6.
-15
Calculate -4 + 5 + (-25 + 8 + -13 - -1).
-28
Calculate 1 + -4 + 19 + 0 - (5 + -1).
12
What is 16 + -1 + -24 + (3 - (-22 - 1))?
17
Evaluate 5 - (-17 + 2) - 8.
12
What is -11 + 4 + -5 + 17?
5
-9 + (11 - (4 + 4))
-6
What is the value of 3 + -11 + 3 + 30 + -11 + 10?
24
What is -2 + (2 - 6 - -6 - 1) + -6?
-7
What is the value of -31 + 15 - (2 - 15)?
-3
Calculate 19 + -27 + 4 + -17.
-21
What is the value of -7 + 135 + -118 + (-1 - (-1 + 0))?
10
What is 4 - ((15 - 21) + 11 - (-1 - -11))?
9
What is the value of 11 + (15 + -10 + 6 - 9)?
13
Calculate -23 + 3 + 32 - 3.
9
What is the value of (-11 - (-22 - -11)) + -19 + 0?
-19
Evaluate -1 + (2 - (2 + (1 - -7))).
-9
Calculate -7 - (-9 + (-9 - (6 - 31) - 9)).
-5
What is 5 - (-15 - (-4 - 30))?
-14
(4 - -7) + (11 - (14 + -10)) + -13
5
What is 28 + -9 + -2 + (24 - 17)?
24
Evaluate 20 + (7 - -2 - (-82 - -88)).
23
-14 - -6 - (4 + 0 + 5)
-17
Calculate 4 + 1 + 47 + -54 + 0 + 0.
-2
-59 + 63 + (-11 + -6 - 6)
-19
What is the value of (7 - -3) + 14 + -4 + -10?
10
Evaluate (-4 - -20) + 24 + -17 + -8.
15
-15 - (-18 - (20 - 42))
-19
Calculate 13 + (-8 - 0) + (-4 - -2).
3
Calculate -2 + (-1 - ((-1 - -7) + -4 + -1)).
-4
What is -3 + (10 + -1 - 9) - -8?
5
Calculate -2 + -7 + (-11 - 0 - (-5 - 11)).
-4
Calculate -6 - ((-12 - 8) + 14).
0
Evaluate -2 - (1 - (3 - -2)).
2
What is the value of -6 + (5 - -19) + -9?
9
Evaluate -9 + -16 + 40 - 1 - 14.
0
Evaluate 11 + -9 - -8 - (-9 - -15).
4
Evaluate 9 + (5 - 2) + 4 + -27.
-11
What is -35 + -3 + (-10 - -28)?
-20
(19 - (-6 - -3)) + (117 - 123)
16
What is -14 - -24 - (9 + (5 + -2 - 7))?
5
What is the value of -15 + (0 + (1 - -2) + 3 - 3)?
-12
What is the value of 3 + -1 - (-1 - 15) - 3?
15
Evaluate 13 - (44 + -20) - (5 + -3).
-13
Evaluate (3 - (-2 + (-5 + 16 - -1))) + 31.
24
Calculate -2 + (-4 - 3) + (2 - (-25 - 1)).
19
Calculate 5 + -2 - (9 - (0 - 7) - 9).
-4
4 + (2 - (-1 + 12))
-5
Evaluate -3 - (-1 + -1 + -1) - (3 - 12).
9
Calculate 1 + -17 + -980 + 968.
-28
-5 + 3 - 5 - (-41 + 12)
22
Calculate (-183 - -197 - (-1 + 2 + 7)) + -1.
5
4 + -14 - (1 - (-5 + 4))
-12
Evaluate 7 - (1 + -2 - ((-12 - -9) + -28)).
-23
Evaluate (-16 + 4 - -8 - -21) + (1 - 1).
17
Calculate 1067 + -1051 + (1 - (19 - 2)).
0
Evaluate 42 + -16 - -17 - 30.
13
What is the value of (1 + -2 - -6) + (719 - 702)?
22
What is -5 + (3 - 5) + -6 + -2 + -1?
-16
12 + 3 + -26 - (0 + (0 - -4))
-15
-10 - ((9 - 8) + -1 - 25)
15
Calculate (-4 - (-3 - 7) - (4 - -7)) + 7.
2
What is the value of -19 - ((2 - 6) + -4 + 1)?
-12
(160 - 177) + (-1 - -39)
21
What is the value of (-1 - (1 - -5)) + (19 - (-24 + 36))?
0
Evaluate (16 - (-16 - -24)) + 0 + 3.
11
Calculate -18 - (-24 + -5) - -6.
17
What is -1 + 7 - (-4 + 6 + 5 - 5)?
4
What is the value of 20 + -5 + (-1 - (0 + -1 + -8))?
23
-10 + 3 + -1 + 17 - (-2 + -3)
14
-1 + (-1 + 8 + -10 + -10 - -4)
-10
What is -6 + 9 + (0 - 2) - -5?
6
What is 11 + (-15 - (8 + 2))?
-14
Calculate 1 + (-14 + 3 - -21).
11
Calculate 15 + -13 + 2 + 0.
4
Evaluate -41 + 51 + (1 + -1 - 2).
8
Calculate 0 - 29 - (-62 + 16 + 35).
-18
Evaluate 3 + 4 - 1 - (-18 - -20).
4
-13 + (4 - 7 - -1) - (-1 - -2)
-16
18 + (-1 - (-27 + 20 - (-4 + 3)))
23
What is -7 - (-1 + 5 + (-5 + 9 - 18))?
3
Calculate (-4 - -13 - 1 - (8 + -2)) + -2.
0
Evaluate -3 - ((-14 - -8) + 12) - -11 - 1.
1
Evaluate 8 + (1 + -4 - 2) + 6 + -1.
8
-3 - 0 - (-183 + 191) - 1
-12
-8 + 1 + -5 + (-34 - -36)
-10
What is (-11 - (-2 + 1)) + (19 - 22)?
-13
What is -5 - (2 + -4 + 5 - (-5 - 2))?
-15
Evaluate (-13 + 2 - -9) + (1 - 3) + -4.
-8
What is (-15 - 13) + -9 + 30?
-7
What is the value of 21 - (0 - -9 - 0)?
12
Calculate 63 - (85 + -25) - (-1 + 7 - -1).
-4
Evaluate (-31 + 37 - (-4 + -3)) + -20.
-7
-18 + -50 + 33 + 30
-5
Evaluate 20 + (11 - (13 - -5)).
13
What is -8 + 59 + -72 + (19 - 2)?
-4
What is (3 - (1 - 8)) + (-3 + -12 - -13)?
8
What is (0 + 0 - (-10 + 14)) + -8 + -6?
-18
(9 - 6) + 3 + -9 - 9
-12
What is -15 + 5 + (-12 - 2 - -21)?
-3
What is 24 + 2 - (-37 + 73)?
-10
-4 + -7 - ((-2 - -10) + -2 - 3)
-14
Evaluate 9 + (0 - 8) - ((-2 - -13) + 1).
-11
Evaluate (9 - 10) + -41 + 32.
-10
What is the value of 3 + -30 + 14 + 24 - (32 + 1)?
-22
What is the value of 38 - ((-10 - 0) + (-2 - (8 - 24)))?
34
Calculate 1 - -1 - (-10 + (-12 + 47 - 9)).
-14
What is -30 - (-1 - (9 - 9) - 7)?
-22
What is the value of -1 + 2 + (-13 + 2 - -13)?
3
What is the value of (3 + -4 - 0) + -19 + 0 + 4?
-16
11 - (54 + -12 - 15)
-16
1 - 0 - (11 + 0) - -5 - 13
-18
Evaluate 1 - (0 + 5) - (12 + -10) - -4.
-2
-3 - (3 - (-24 - -9 - -4))
-17
Evaluate 20 - (33 + -18 - 0).
5
Calculate -8 + 8 + (-1 - (-3 + 7)) + 5.
0
What is the value of -7 - (-7 - (-10 - -13))?
3
Evaluate (1 - (11 - 11)) + 13 - 32.
-18
What is 6 + (-3 - (0 + -10)) + -27 + 1?
-13
What is -5 + 7 + -5 - (20 + -16)?
-7
Calculate 25 + (-6 - 8) + -22.
-11
What is 46 - 22 - 45 - -37?
16
Evaluate -2 - ((-1 - 3) + 52 + -55 - -18).
-13
What is 6 + (5 - (17 + -13) - (-4 + 2))?
9
What is 37 + (3 - 1) - (-4 - (18 + -34))?
27
What is -162 + 160 + 1 + -3 + -1 + -6?
-11
What is the value of (-7 - (-12 + -9 + (3 - 2))) + -9?
4
What is the value of -2 + (-10 + 11 + -1 - (3 + 0))?
-5
Evaluate -87 + 94 + (-1 - -1 - 0) + -12.
-5
What is -20 - (14 - (38 + 13))?
17
Calculate (-14 + 10 - (2 - 7 - 1)) + -2.
0
What is the value of -11 + (35 - 21) - -20?
23
Calculate 11 - (-4 + 6) - 7.
2
Calculate -262 + 255 + (-6 - ((-1 - -1) + 1)).
-14
Calculate -6 + 11 - (-8 + -9 + 12).
10
-16 + (18 - 43) + 23
-18
96 + -109 + (0 - 5)
-18
What is the value of 0 + 0 + 94 + -97 + -12?
-15
Evaluate (-23 - -1) + (-1 + 30 - 25).
-18
Calculate 21 + -16 + -14 - -18.
9
Evaluate 4 - ((0 - 4) + 4) - (4 + 10).
-10
What is 35 + (13 - 21) + 14 - 13?
28
(-14 - (-3 - -9)) + 3 + 4
-13
9 - (-3 + 1 - (-8 + 10)) - 7
6
What is (10 + -27 - -27) + 9?
19
-25 + -15 + 25 + -2
-17
What is the value of -19 - (-10 - -8 - (17 - 8))?
-8
Calculate -10 + 8 + 2 + -4 + -9.
-13
What is 3 + -3 + 1 + -1 - (0 - -8)?
-8
What is the value of (17 + -35 - 3 - 11) + 1 + 6?
-25
What is 46 + (-10 - 6) - (3 - -1 - -5)?
21
Calculate 6 + (-6 - 4) - -5 - -4.
5
Calculate -15 + 2 + 36 + -30.
-7
Evaluate ((-5 - -5) + 5 - 8) + (1 - -1).
-1
What is the value of (2 - 10) + 7 + -4 + 25 + -8?
12
What is the value of -1 + -13 + (10 - 22 - -14)?
-12
Calculate -35 + (-14 + 15 - (-2 + 9) - -10).
-31
Evaluate (-34 - -2) + 5 + 7 + (-8 - 0).
-28
What is the value of -41 + -3 + 110 - 34?
32
What is the value of -29 + 24 + 7 + -14 + 31?
19
What is the value of -21 + (-3 - -2) + 0 - (1469 + -1460)?
-31
Evaluate (-1 - (-7 + 3)) + (-4 - 1).
-2
What is -4 + -4 + ((-3 - -7) + -5 - 0)?
-9
What is (1 + 8 - (-7 + 17)) + -5?
-6
What is (-1 + -9 + (3 - 1) - -4) + 9?
5
Calculate (-3 - (2 + -2)) + (24 - (40 - 8)).
-11
Calculate (-1 + 7 - (0 - -15 - 13)) + -5.
-1
Evaluate -3 + (9 - -4) + -20.
-10
What is -15 - (-21 - 4) - (-8 - -2 - 8)?
24
Calculate -4 + (-8 - (1 - 1 - -8)) + 8.
-12
What is 2 - -2 - -2 - (-18 + 18)?
6
Calculate (-2 - -1) + 15 + (1 - -13 - 7).
21
What is 7 + -2 + -16 - (1 + -12)?
0
Calculate (-10 - 8) + 20 + -6 - (1 - 11).
6
What is (-12 - (-9 + 6)) + 6 + (1 - 0)?
-2
What is the value of 1 + -1 + 14 + -12 - 7?
-5
What is the 